3301 - -22?
-3213
In base 6, what is 1 - 335?
-334
In base 15, what is -67a9 - -4?
-67a5
In base 3, what is -1 - -1121210?
1121202
In base 14, what is -2 + 41?
3d
In base 12, what is -710 + 3?
-709
In base 15, what is 3 - -7b5?
7b8
In base 3, what is 110 - 22122?
-22012
In base 15, what is 7b - 0?
7b
In base 12, what is -9 - 6?
-13
In base 13, what is -73 + -195?
-238
In base 13, what is -36 + -13?
-49
In base 12, what is 2 - 409?
-407
In base 4, what is 2 + -333?
-331
In base 12, what is 7a - 18?
62
In base 9, what is 788 - -5?
804
In base 8, what is -4 - -466?
462
In base 8, what is -151 - -2?
-147
In base 9, what is 2170 - -3?
2173
In base 15, what is 4 + -797?
-793
In base 10, what is -1 - -355?
354
In base 11, what is 5 - -a98?
aa2
In base 12, what is -3a - -4?
-36
In base 7, what is -41 - 1?
-42
In base 8, what is -10 - -2100?
2070
In base 7, what is -16 - 6565?
-6614
In base 4, what is -10 - 10?
-20
In base 6, what is 4430 - -101?
4531
In base 15, what is 5 - -5e7?
5ec
In base 13, what is -977 - -3?
-974
In base 3, what is 101202 - 2?
101200
In base 6, what is -3 + -5?
-12
In base 12, what is -4 + -128?
-130
In base 7, what is 0 + 14?
14
In base 10, what is 103 - -80?
183
In base 14, what is 0 + 112?
112
In base 9, what is -262 - 4?
-266
In base 8, what is -4 + 170?
164
In base 5, what is -322 - 2?
-324
In base 6, what is -1020043 - 5?
-1020052
In base 13, what is 4 - c1?
-ba
In base 3, what is -2111121 + -11?
-2111202
In base 5, what is -1423 + 10?
-1413
In base 8, what is 2014 - 4?
2010
In base 16, what is 11 - 3ee?
-3dd
In base 5, what is -1 - -13?
12
In base 2, what is 11 + 1101011?
1101110
In base 2, what is 11000100 - -10?
11000110
In base 4, what is 1110 + -1232?
-122
In base 10, what is 4515 + 3?
4518
In base 6, what is -120 + 5?
-111
In base 6, what is -5 - -15341?
15332
In base 7, what is -1402 - -5?
-1364
In base 13, what is -4 - -3c6?
3c2
In base 10, what is 3 + 218?
221
In base 12, what is 9 + 5b?
68
In base 16, what is 3 - -bd?
c0
In base 2, what is -1101 + -110?
-10011
In base 7, what is -522 + 2?
-520
In base 14, what is 3 - -48?
4b
In base 13, what is 5 - -20?
25
In base 2, what is -1000110 - -1011?
-111011
In base 5, what is -4 - -132111?
132102
In base 14, what is -2 + 243?
241
In base 7, what is -51 + -5?
-56
In base 3, what is 10 + -1010210?
-1010200
In base 14, what is -76d8 + -1?
-76d9
In base 4, what is 1 - -310?
311
In base 16, what is -34 - 5?
-39
In base 13, what is 4 + -b8?
-b4
In base 16, what is 1 - 36?
-35
In base 6, what is 11 - 105?
-54
In base 7, what is -1 - 41?
-42
In base 16, what is 1 + -1?
0
In base 12, what is -13 + -b3?
-106
In base 13, what is -9 + 1b7?
1ab
In base 3, what is -12 - -2112?
2100
In base 7, what is -1504 - 20?
-1524
In base 11, what is 21 - 43?
-22
In base 11, what is -2 + -1933?
-1935
In base 5, what is -3 - -2402?
2344
In base 11, what is -510 - -1?
-50a
In base 9, what is -461 + -4?
-465
In base 15, what is 375 + 1?
376
In base 4, what is -2 + -11122?
-11130
In base 14, what is dc - -1?
dd
In base 14, what is 2 + -35?
-33
In base 2, what is -100101 - 110000?
-1010101
In base 4, what is -1231 + -10?
-1301
In base 11, what is 4 - -34?
38
In base 12, what is 6a9 - -4?
6b1
In base 16, what is -7d4 + -5?
-7d9
In base 4, what is -2 - -30?
22
In base 13, what is 5 - -3a?
42
In base 8, what is 232 - 1?
231
In base 12, what is 20 - a?
12
In base 2, what is -110 - 10011010000?
-10011010110
In base 11, what is 2 - 17?
-15
In base 11, what is -6a2 - 1?
-6a3
In base 15, what is 160d + -5?
1608
In base 13, what is -10a + 0?
-10a
In base 6, what is 221 + -2?
215
In base 6, what is 1 - 415?
-414
In base 11, what is 18 + 10?
28
In base 10, what is 282 + 4?
286
In base 6, what is 1133 + 10?
1143
In base 11, what is 4530 + -5?
4526
In base 9, what is -5 - -3357?
3352
In base 12, what is 6 + -803?
-7b9
In base 3, what is -21011 + 12?
-20222
In base 14, what is -8207 + 4?
-8203
In base 16, what is 3 + 27?
2a
In base 7, what is 355 - -1?
356
In base 8, what is 1 - -15?
16
In base 2, what is -1001011 + 10?
-1001001
In base 8, what is 16454 - 4?
16450
In base 16, what is -2 - 1b?
-1d
In base 11, what is 5868 - 3?
5865
In base 10, what is 272 + -2?
270
In base 9, what is -331 - -12?
-318
In base 9, what is 12663 - 0?
12663
In base 9, what is 2 + -1730?
-1727
In base 16, what is -390 - -4?
-38c
In base 8, what is 31 + 201?
232
In base 9, what is -5 - 67?
-73
In base 13, what is -3 + 100?
ca
In base 9, what is -10 + -48?
-58
In base 8, what is -33 - -30?
-3
In base 9, what is 234 - -2?
236
In base 6, what is 221 - -11?
232
In base 5, what is 4 + -1322?
-1313
In base 9, what is 5 + 341?
346
In base 3, what is -220 + 211?
-2
In base 4, what is -121 + 3?
-112
In base 8, what is -5 + -21?
-26
In base 10, what is -4 - -2633?
2629
In base 5, what is -112 - -1122?
1010
In base 10, what is 3132 + 0?
3132
In base 12, what is 5 - 34?
-2b
In base 15, what is -4 - 29?
-2d
In base 3, what is -1211 - -10?
-1201
In base 13, what is 9 + -17?
-b
In base 5, what is -144 + -40?
-234
In base 14, what is 5 - -24?
29
In base 13, what is 145 + -2?
143
In base 9, what is 636 + -4?
632
In base 12, what is 145 - 79?
88
In base 14, what is -1 - -c8?
c7
In base 13, what is -5 + -13?
-18
In base 5, what is -10032 - -22?
-10010
In base 2, what is -1 + -10110110?
-10110111
In base 7, what is 2151 - -1?
2152
In base 8, what is 4 - -42?
46
In base 14, what is 1b0 - -a?
1ba
In base 13, what is 6 + -43?
-3a
In base 5, what is 3 + 230?
233
In base 6, what is -335 - -105?
-230
In base 2, what is 11101010 + 101110?
100011000
In base 10, what is 41 - -3?
44
In base 16, what is 66 + 98?
fe
In base 16, what is 87 - 7?
80
In base 2, what is 1 + 110001001?
110001010
In base 14, what is 15a - -5?
161
In base 14, what is 2 + 1941?
1943
In base 8, what is 253 - 122?
131
In base 6, what is 1251 + -2?
1245
In base 7, what is 113416 - -1?
113420
In base 15, what is -1 + 2c?
2b
In base 5, what is -2 + 224?
222
In base 16, what is bb4 + -4?
bb0
In base 4, what is -1 - -10030?
10023
In base 14, what is -4 + -93?
-97
In base 10, what is -7 - -10?
3
In base 10, what is -1 + -8?
-9
In base 12, what is -669 + 2?
-667
In base 8, what is -2717 + -5?
-2724
In base 2, what is 100 - 1001001?
-1000101
In base 4, what is -222203 + 2?
-222201
In base 8, what is 415 - 4?
411
In base 11, what is 0 + 35?
35
In base 10, what is 13 - -531?
544
In base 14, what is -546 + -5?
-54b
In base 15, what is dd + 0?
dd
In base 11, what is 17 + 9?
25
In base 13, what is 3 - 54c?
-549
In base 2, what is 101111000 + 101?
101111101
In base 8, what is -2444 - 12?
-2456
In base 6, what is -425 - -30?
-355
In base 3, what is 2 - -20120220?
20120222
In base 13, what is 163 - 73?
c0
In base 12, what is -321 - -4?
-319
In base 7, what is 2601 + -5?
2563
In base 13, what is -61 + 5?
-59
In base 13, what is -19 + 7?
-12
In base 9, what is -5 + 162?
156
In base 6, what is 4 + 151?
155
In base 10, what is 70 - 5?
65
In base 6, what is -5 - -11505?
11500
In base 10, what is -371 - 20?
-391
In base 8, what is -16 - -2215?
2177
In base 13, what is 8 + 8?
13
In base 7, what is -1 - -120?
116
In base 5, what is 21 - 33?
-12
In base 13, what is 2454 + 0?
2454
In base 10, what is -36 - -2?
-34
In base 8, what is 4 + 571?
575
In base 11, what is 0 - 207?
-207
In base 14, what is 12 - 0?
12
In base 11, what is -38 - 28?
-65
In base 3, what is 110 + 111000?
111110
In base 8, what is -25 - -125?
100
In base 9, what is 2 + 55?
57
In base 5, what is 10 + 114?
124
In base 14, what is -11a + 1?
-119
In base 4, what is -2 - -3323?
3321
In base 6, what is -112 - -1045?
533
In base 6, what is -10 - 420?
-430
In base 14, what is -2 - 5?
-7
In base 8, what is 120 + 143?
263
In base 11, what is 245 - 11?
234
In base 10, what is 47 + -68?
-21
In base 5, what is -230 + -22?
-302
In base 8, what is 26 - 20?
6
In base 6, what is 10 - -41325?
41335
In base 8, what is 2 + -2?
0
In base 16, what is -5 - 134e?
-1353
In base 10, what is -233 - 51?
-284
In base 6, what is -3 - 1002?
-1005
In base 9, what is -4011 + 5?
-4005
In base 10, what is -5 + -115?
-120
In base 10, what is 2 - -1647?
1649
In base 4, what is -230 + 1?
-223
In base 2, what is 11 + 1000?
1011
In base 2, what is 1 - -1001000?
1001001
In base 16, what is